 is the units digit of u?
6
Suppose 0*m = -2*m + 14. Let v = m - 6. What is the units digit of v?
1
Let x = 17 + -8. What is the units digit of x?
9
Let r(f) = f**3 - 5*f**2 - 7. Let s be r(5). Let u = 3 + s. What is the units digit of u/(-14) + 99/21?
5
What is the units digit of -6 - 13/(13/(-176))?
0
Let b be (1 + -3)/2 + 1. Suppose 4*i - 8*i + 32 = b. What is the units digit of i?
8
Let u(w) = w**2 + 3*w - 13. Let q be u(-6). Suppose 57 = -4*c + 177. Suppose -f - 3*a + c = -6*a, q*f - 3*a - 102 = 0. What is the tens digit of f?
1
Suppose -4*h - b + 188 = -0*b, -3*h + 5*b + 141 = 0. What is the tens digit of h/3 - 2/3?
1
Let t(o) = 6*o - 28. What is the units digit of t(8)?
0
Let m be (-148)/(-18) - (-4)/(-18). Let c = 10 - m. Suppose 2*h - 43 = 3*r, -c*r - 3 = 4*h - 81. What is the units digit of h?
0
Let m(n) = n**3 + 12*n**2 - n + 14. Let l be 0/(-4) + 1 - 13. What is the tens digit of m(l)?
2
Suppose -94*t + 382 = -92*t. What is the hundreds digit of t?
1
Suppose -m = p - 80, -5*p + 5 + 20 = 0. Suppose 4*s - 3*r - m = 0, 2 - 12 = s + 5*r. Suppose -17 = -4*d + s. What is the units digit of d?
8
Let w(o) = -o**2 - 15*o - 11. What is the units digit of w(-11)?
3
Suppose 5 + 4 = 3*l. Suppose 3*o + 3*f - 50 = 5*f, -4*o + l*f = -68. What is the tens digit of o?
1
Let c(m) = -21*m - 3. Let o be c(-2). Let v = 11 - o. Let u = v + 41. What is the units digit of u?
3
Let u = -112 - -285. What is the units digit of u?
3
Let v(h) = -h**2 - 8*h - 1. Let i be v(-7). Suppose -51 = -i*j + 69. What is the tens digit of j?
2
Let r = -10 + 5. Let l be r/(-2)*24/30. Suppose -n = -h - l - 11, 4*h + 13 = n. What is the tens digit of n?
1
Let c(g) be the second derivative of g**6/120 + g**5/60 - g**4/8 - g**3/2 - 2*g. Let q(s) be the second derivative of c(s). What is the tens digit of q(2)?
1
Suppose 4*w = -0*w - 56. Let v(n) = -n - 6. What is the units digit of v(w)?
8
Suppose -85 = -2*i + i. What is the tens digit of i?
8
Let g be (-2)/7 + (-2)/(-7). Let s be 1*(g + 0 - -2). Suppose -s*x + 21 = x. What is the units digit of x?
7
Let t = 99 - 42. What is the tens digit of t?
5
Let w be 194/22 + 4/22. Suppose -w + 0 = -3*j. What is the units digit of j?
3
Suppose 2*g = 7*g - 10. Let v(r) = -r**3 + 2*r**2 + r - 1. What is the units digit of v(g)?
1
Suppose 5*c + 5*o - 560 = 0, 0*o + 2 = o. What is the tens digit of c?
1
Let z(t) = t**3 - 18*t**2 + 19*t - 12. What is the units digit of z(17)?
2
Suppose -r - 3*r + 2 = -s, s + 1 = 3*r. What is the units digit of r?
1
What is the units digit of 75 + (2 + -2 - (-12)/4)?
8
Let j be (-6)/4*8/6. Let k = j - 3. Let l = k - -8. What is the units digit of l?
3
Suppose 3*v - 8 = v. Suppose 0 = -2*k + v*j + 40, 0 = 3*k + k - j - 52. What is the units digit of k?
2
Let d = 1 + 3. Suppose -15 = -5*a, 8*j + 12 = 3*j + d*a. Suppose j = f + 5*w + 6, 2*w = f - 0*w - 22. What is the units digit of f?
4
Suppose -3*a + 4*a - 18 = 0. What is the units digit of a?
8
Let s(p) = -p**2 - p + 1. Let a(h) = -5*h**2 - 8*h + 3. Let f(r) = -a(r) + 4*s(r). What is the units digit of f(-8)?
3
Let t(n) = -8*n - 1. Let k(p) = -p. Let f(y) = 6*k(y) - 2*t(y). Let q be f(-3). Let w = q + 42. What is the tens digit of w?
1
Suppose 0 = -q + 3*q. What is the units digit of (q - (-4 - 2)) + 0?
6
Suppose -12 = -m + 8. What is the units digit of m?
0
What is the tens digit of (174/(-24))/(1/(-24))?
7
Let b be 3*(-1)/(6/(-14)). Suppose -b*u - 68 = -11*u. What is the units digit of u?
7
Let n(b) = -7*b - 1. Let r be n(-2). Suppose 0 = 3*s - r - 14. Suppose 5*j - 21 = s. What is the units digit of j?
6
Suppose -2*v + 4*s = -716, -v + 1790 = 4*v + 3*s. What is the hundreds digit of v?
3
Let g(w) = -w + 3. Let t = -7 - -16. Let m = t + -16. What is the units digit of g(m)?
0
Suppose -4*r + 275 + 337 = 0. What is the tens digit of r?
5
Suppose -2*f = 4, -2*p + 6*p - 5*f - 26 = 0. Suppose r = -4*w - 2, 3*r - 3*w + 6*w - 12 = 0. Suppose -4*j = y - r - 1, -2*j = p. What is the tens digit of y?
1
Suppose 2*w - 290 = -3*w + 5*d, 3*w + 2*d = 194. Let p be (w/(-4))/(1/(-2)). Let y = -18 + p. What is the tens digit of y?
1
Let c(x) = 7*x**3 - 2. What is the tens digit of c(3)?
8
Let u = 30 - 17. Let k = u + -8. Suppose -1 = 4*w - k. What is the units digit of w?
1
Let y(c) = 3*c - 4 + 2 - 2 + 4*c**2. What is the tens digit of y(-3)?
2
Let c = 5 + -5. Let q = c - -9. Suppose q + 3 = 2*v. What is the units digit of v?
6
Suppose 8*v - 95 = 3*v + 5*s, 2*v - 35 = -s. Suppose -x + 4*x = v. What is the units digit of x?
6
Suppose 3*k = -5*b + 9, -5*b + 21 = -3*k - 0. What is the units digit of b?
3
Suppose -5*r = 5*m - 170, 7*r - 12 = 3*r. What is the units digit of m?
1
Let l be (4 - 5)/(3/(-3)). What is the tens digit of l + 0 + 7 + 4?
1
Let h(b) = 3*b**2 - 3*b + 3. What is the units digit of h(4)?
9
Let m be -3*(6/(-9) + 0). Suppose -m*u = 5*c + 22, 3*c + 7 = u - 4. Let b(a) = -a**2 - 5*a. What is the units digit of b(c)?
4
Suppose 0 = -k - 3*k - 4. What is the tens digit of (-445)/(-25) - k/5?
1
Suppose 2 = w - 2. What is the units digit of w?
4
Let z be 2 - (-1)/((-2)/(-176)). Suppose -3 = -3*i, -4*n - 2*i + z = -0*i. What is the units digit of n?
2
Let c = -547 + 876. What is the units digit of c?
9
Let o(v) = v**3 + 7*v**2 - v + 9. What is the units digit of o(-5)?
4
Let b(f) = -2*f**2 - 3*f + 4. Let q(v) = -v + 1. Let l(u) = b(u) - 3*q(u). Let w be l(1). Let x = w - -6. What is the units digit of x?
5
Let w be 5 - (1 - (-3 + 4)). Suppose -2*z = -o - 3*z + 22, -4*o + 87 = w*z. What is the units digit of o?
3
Suppose -2*m - 5*r + 34 = 0, 5*m - 56 = -2*r - 13. Suppose 10*w - 1 = 9*w. Let d = m - w. What is the units digit of d?
6
Suppose -4*u = -2*i + 46, 5*i - 154 = -3*u - 0*u. What is the tens digit of i?
2
Let c = -270 - -456. What is the hundreds digit of c?
1
Let b(o) = -o**2 + 15*o + 10. What is the tens digit of b(9)?
6
Let j be (0 - (-12 - 2))/2. Let v = j + -1. Suppose 4*m = 4*b + 20, 3*m = v*b - 4*b + 15. What is the units digit of m?
5
Suppose 0 = -0*g - 5*g + 15. Suppose -4*p + 48 = 4*r, 0 = p - 2*p + g*r + 20. What is the tens digit of p?
1
Suppose 0*m + 3*m - 5*p = 78, 4*p - 12 = 0. What is the units digit of m?
1
Suppose t - 9*t = -1512. What is the units digit of t?
9
Suppose 60 = -5*h - 0*h. Let d = -7 - h. What is the units digit of d?
5
Let g = 101 - 100. What is the units digit of g?
1
Suppose 0*s - s - 2 = 0. Let z be 1 + 4*(-1)/s. What is the units digit of (-4)/2 + 3*z?
7
Suppose 3*u = -4*n + 28, 4*u + 3 = 2*n + 11. Suppose 3*w - 3*l = -60, w + 4*w + 136 = -n*l. What is the units digit of 2 - (-7)/((-21)/w)?
0
Let d be -3*(-2)/(2 + -1). Suppose -3 = i - d. Suppose 0*g = -w + 4*g + i, 3*g = 0. What is the units digit of w?
3
Let y(f) = -f + 5. Let t be y(0). Suppose -2*c + 26 = t*q, c + 5*q + 22 = 5*c. Suppose -3*p + c*p - 65 = 0. What is the tens digit of p?
1
Let r(t) = 2*t + 1. Suppose 3*f - 3*d = -0*f + 15, 2*f - 7 = d. Suppose -4*l + 7*l + 4*w = -10, -2*w - f = 3*l. What is the units digit of r(l)?
5
Suppose x - 6 = y, 27 = 4*x + 2*y - 3*y. Let t(d) = d. What is the units digit of t(x)?
7
Let z = 7 + -4. Suppose 4*d - d - 21 = 3*x, x + 11 = 3*d. Let g = d + z. What is the units digit of g?
5
Suppose 151 = 3*b + 5*f, 4*f = f + 15. What is the tens digit of b?
4
Let m be (1/(-1))/((-4)/(-16)). What is the units digit of (-25)/m + 2/(-8)?
6
Let p(u) = -57*u + 3. What is the tens digit of p(-1)?
6
Let j(c) = 7*c**3 + 7*c**2 - 25. Let i(x) = -4*x**3 - 4*x**2 + 12. Let y(r) = 5*i(r) + 3*j(r). Let z be y(0). What is the units digit of 3/((z/9)/(-5))?
9
Suppose m - 2*h = 3, -h = 4*m - 2*h - 12. What is the tens digit of m/2*576/27?
3
Let u = 30 + 8. Let x = 62 - u. What is the tens digit of x?
2
Let a(i) = -3*i - 4 - i + 1. Let g be a(-2). Suppose -16 = 3*f - g*f. What is the units digit of f?
8
Suppose 2 + 7 = 3*u. What is the units digit of u?
3
Let z be -1 - (-4)/(3 - 1). Suppose -z = -3*l + 2, -4*s + 5*l + 11 = 0. Suppose -3*k - 4*r = -3*r - 14, s*k + r = 18. What is the units digit of k?
4
Suppose -f = 3, -3*f = -u + 18 + 7. What is the units digit of u?
6
What is the units digit of (2*54)/6 - 2?
6
Suppose 6 + 1 = l. Let y = 13 - l. What is the units digit of y?
6
Suppose 3*u = 3*j + 9, 2*u - 4 = -3*j + 7. Suppose -19 = -i + 3*r, r = j - 0.